{"id":351,"date":"2017-06-09T11:14:42","date_gmt":"2017-06-09T11:14:42","guid":{"rendered":"https:\/\/victorthemes.com\/themes\/roof\/?page_id=351"},"modified":"2018-05-03T22:56:58","modified_gmt":"2018-05-03T20:56:58","slug":"services","status":"publish","type":"page","link":"https:\/\/www.home-isolation.be\/index.php\/services\/","title":{"rendered":"Nos services"},"content":{"rendered":"<p>[vc_row][vc_column width=\u00a0\u00bb1\/3&Prime;]<div class=\"roof-services  services-69d272fa85776 \"><div class=\"service-item\"><div class=\"roof-picture\"><img decoding=\"async\" src=\"https:\/\/www.home-isolation.be\/wp-content\/uploads\/2018\/05\/Charpente.png\" alt=\"Charpente\"><\/div><div class=\"service-info\"><h5 class=\"service-title\"><a href=\"http:\/\/home-isolation.be\/index.php\/charpente\/\" target=\"_blank\">Charpente<\/a><\/h5><p>La\u00a0charpente\u00a0est la structure de la toiture d\u2019une maison (ou d\u2019un garage) : elle sert d\u2019ossature\u00a0et de\u00a0support de couverture\u00a0de toit.<\/p>\n<div class=\"read-more\"><a href=\"https:\/\/home-isolation.be\/index.php\/charpente\/\" target=\"_blank\">Lire plus<\/a><\/div><\/div><\/div><\/div>[\/vc_column][vc_column width=\u00a0\u00bb1\/3&Prime;]<div class=\"roof-services  services-69d272fa85baa \"><div class=\"service-item\"><div class=\"roof-picture\"><img decoding=\"async\" src=\"https:\/\/www.home-isolation.be\/wp-content\/uploads\/2018\/04\/couverture-accueil.png\" alt=\"La couverture de toit\"><\/div><div class=\"service-info\"><h5 class=\"service-title\">La couverture de toit<\/h5><p>La couverture doit r\u00e9unir plusieurs qualit\u00e9s pour prot\u00e8ger la maison et les autres \u00e9l\u00e9ments formant la toiture :<\/p>\n<div class=\"read-more\"><a href=\"https:\/\/home-isolation.be\/index.php\/services\/couverture_de_toit\/\" target=\"_blank\">Lire plus<\/a><\/div><\/div><\/div><\/div>[\/vc_column][vc_column width=\u00a0\u00bb1\/3&Prime;]<div class=\"roof-services  services-69d272fa85f71 \"><div class=\"service-item\"><div class=\"roof-picture\"><img decoding=\"async\" src=\"https:\/\/www.home-isolation.be\/wp-content\/uploads\/2018\/04\/Isolation-accueil-01.png\" alt=\"Isolation\"><\/div><div class=\"service-info\"><h5 class=\"service-title\">Isolation<\/h5><p>L\u2019isolation de la toiture est\u00a0<strong>une \u00e9tape indispensable<\/strong>\u00a0pour assurer l\u2019\u00e9tanch\u00e9it\u00e9 de la maison et le confort de ses habitants.<\/p>\n<div class=\"read-more\"><a href=\"https:\/\/home-isolation.be\/index.php\/isolation\/\" target=\"_blank\">Lire plus<\/a><\/div><\/div><\/div><\/div>[\/vc_column][\/vc_row][vc_row][vc_column width=\u00a0\u00bb1\/3&Prime;]<div class=\"roof-services  services-69d272fa86357 \"><div class=\"service-item\"><div class=\"roof-picture\"><img decoding=\"async\" src=\"https:\/\/www.home-isolation.be\/wp-content\/uploads\/2018\/04\/bardage-accueil-01.png\" alt=\"Bardage\"><\/div><div class=\"service-info\"><h5 class=\"service-title\">Bardage<\/h5><p>Le Bardage embellit la fa\u00e7ade de votre maison et vous permet de mettre en place une isolation ext\u00e9rieure. Ils existent de nombreuses possibilit\u00e9s entre les mat\u00e9riaux, les formes et les finitions.<\/p>\n<div class=\"read-more\"><a href=\"https:\/\/home-isolation.be\/index.php\/bardage\/\" target=\"_blank\">Lire plus<\/a><\/div><\/div><\/div><\/div>[\/vc_column][vc_column width=\u00a0\u00bb1\/3&Prime;][\/vc_column][vc_column width=\u00a0\u00bb1\/3&Prime;][\/vc_column][\/vc_row]<\/p>\n","protected":false},"excerpt":{"rendered":"[vc_row][vc_column width=\u00a0\u00bb1\/3&Prime;][\/vc_column][vc_column width=\u00a0\u00bb1\/3&Prime;][\/vc_column][vc_column width=\u00a0\u00bb1\/3&Prime;][\/vc_column][\/vc_row][vc_row][vc_column width=\u00a0\u00bb1\/3&Prime;][\/vc_column][vc_column width=\u00a0\u00bb1\/3&Prime;][\/vc_column][vc_column width=\u00a0\u00bb1\/3&Prime;][\/vc_column][\/vc_row]","protected":false},"author":2,"featured_media":0,"parent":0,"menu_order":0,"comment_status":"closed","ping_status":"closed","template":"","meta":{"footnotes":""},"class_list":["post-351","page","type-page","status-publish","hentry"],"aioseo_notices":[],"_links":{"self":[{"href":"https:\/\/www.home-isolation.be\/index.php\/wp-json\/wp\/v2\/pages\/351"}],"collection":[{"href":"https:\/\/www.home-isolation.be\/index.php\/wp-json\/wp\/v2\/pages"}],"about":[{"href":"https:\/\/www.home-isolation.be\/index.php\/wp-json\/wp\/v2\/types\/page"}],"author":[{"embeddable":true,"href":"https:\/\/www.home-isolation.be\/index.php\/wp-json\/wp\/v2\/users\/2"}],"replies":[{"embeddable":true,"href":"https:\/\/www.home-isolation.be\/index.php\/wp-json\/wp\/v2\/comments?post=351"}],"version-history":[{"count":6,"href":"https:\/\/www.home-isolation.be\/index.php\/wp-json\/wp\/v2\/pages\/351\/revisions"}],"predecessor-version":[{"id":2315,"href":"https:\/\/www.home-isolation.be\/index.php\/wp-json\/wp\/v2\/pages\/351\/revisions\/2315"}],"wp:attachment":[{"href":"https:\/\/www.home-isolation.be\/index.php\/wp-json\/wp\/v2\/media?parent=351"}],"curies":[{"name":"wp","href":"https:\/\/api.w.org\/{rel}","templated":true}]}}