{"id":1334,"date":"2017-06-30T09:47:25","date_gmt":"2017-06-30T09:47:25","guid":{"rendered":"https:\/\/victorthemes.com\/themes\/roof\/?page_id=1334"},"modified":"2018-04-27T01:31:20","modified_gmt":"2018-04-26T23:31:20","slug":"couverture_de_toit","status":"publish","type":"page","link":"https:\/\/www.home-isolation.be\/index.php\/services\/couverture_de_toit\/","title":{"rendered":"Couverture de toit \u2013 votre protection contre les intemp\u00e9ries et l&rsquo;humidit\u00e9."},"content":{"rendered":"<p>[vc_row][vc_column css=\u00a0\u00bb.vc_custom_1497257260000{padding-top: 17px !important;padding-bottom: 34px !important;}\u00a0\u00bb][vc_custom_heading text=\u00a0\u00bb\u00a0\u00bb font_container=\u00a0\u00bbtag:h2|font_size:24px|text_align:left|color:%23232323&Prime; google_fonts=\u00a0\u00bbfont_family:Raleway%3A100%2C200%2C300%2Cregular%2C500%2C600%2C700%2C800%2C900|font_style:700%20bold%20regular%3A700%3Anormal\u00a0\u00bb][vc_column_text]<strong>La couverture doit r\u00e9unir plusieurs qualit\u00e9s pour prot\u00e8ger la maison et les autres \u00e9l\u00e9ments formant la toiture :<\/strong><\/p>\n<ul>\n<li>Imp\u00e9rm\u00e9able;<\/li>\n<li>R\u00e9sistante au vent;<\/li>\n<li>Solide, elle doit pouvoir soutenir le poids d&rsquo;une personne, notamment pour l&rsquo;entretien et la r\u00e9paration;<\/li>\n<li>R\u00e9sistance aux chocs.<\/li>\n<\/ul>\n<p>La <strong>couverture<\/strong> participe \u00e0 l&rsquo;esth\u00e9tique de l&rsquo;ext\u00e9rieur de la maison. On orientera donc son choix de mat\u00e9riaux en fonction du rendu que l&rsquo;on souhaite obtenir, selon ;<\/p>\n<ul>\n<li>la forme;<\/li>\n<li>la mati\u00e8re;<\/li>\n<li>la couleur.<\/li>\n<\/ul>\n<h3>Les diff\u00e9rentes possibilit\u00e9s :<\/h3>\n<ul>\n<li>\n<h4>Les tuiles<\/h4>\n<\/li>\n<li style=\"list-style-type: none;\"><\/li>\n<\/ul>\n<p>[\/vc_column_text][\/vc_column][\/vc_row][vc_row][vc_column width=\u00a0\u00bb1\/2&Prime;]<div class=\"roof-certifications  certification-69d1f5efd4cef certifications-style-three \"><div class=\"certification-item text-center\"><div class=\"roof-icon\"><img decoding=\"async\" src=\"https:\/\/www.home-isolation.be\/wp-content\/uploads\/2017\/01\/icon-three-1.png\" alt=\"\"><\/div><div class=\"certification-info\"><p>B\u00e9ton : m\u00e9lange de ciment gris et de salbe teint\u00e9 avec des oxydes m\u00e9talliques et parachev\u00e9s avec une couche de protection. Elles ont une dur\u00e9e de vie de 30 ans.<\/p>\n<\/div><\/div><\/div>[\/vc_column][vc_column width=\u00a0\u00bb1\/2&Prime;]<div class=\"roof-certifications  certification-69d1f5efd4fcc certifications-style-three \"><div class=\"certification-item text-center\"><div class=\"roof-icon\"><img decoding=\"async\" src=\"https:\/\/www.home-isolation.be\/wp-content\/uploads\/2017\/01\/icon-three-1.png\" alt=\"\"><\/div><div class=\"certification-info\"><p>Terre cuite : Elles se d\u00e9clinent en toute une gamme de teintes, de formes et de dimensions. Elles sont plus ou moins plates ou proposent des formes ondul\u00e9es. Leur dur\u00e9e de vie est \u00e9galement 30 ans<\/p>\n<\/div><\/div><\/div>[\/vc_column][\/vc_row][vc_row][vc_column][vc_column_text]<\/p>\n<ul>\n<li>\n<h4>Les ardoises<\/h4>\n<\/li>\n<\/ul>\n<p>[\/vc_column_text][\/vc_column][\/vc_row][vc_row][vc_column width=\u00a0\u00bb1\/2&Prime;]<div class=\"roof-certifications  certification-69d1f5efd4ff4 certifications-style-three \"><div class=\"certification-item text-center\"><div class=\"roof-icon\"><img decoding=\"async\" src=\"https:\/\/www.home-isolation.be\/wp-content\/uploads\/2017\/01\/icon-three-1.png\" alt=\"\"><\/div><div class=\"certification-info\"><p>Les ardoises naturelles sont r\u00e9alis\u00e9es en pierres naturelles. Elles se caract\u00e8risent par leur authenticit\u00e9 et leur exclusivit\u00e9. Chaque ardoise pr\u00e9sente une couleur et une forme diff\u00e9rence.<\/p>\n<\/div><\/div><\/div><div class=\"roof-certifications  certification-69d1f5efd500f certifications-style-three \"><div class=\"certification-item text-center\"><div class=\"roof-icon\"><img decoding=\"async\" src=\"https:\/\/www.home-isolation.be\/wp-content\/uploads\/2017\/01\/icon-three-1.png\" alt=\"\"><\/div><div class=\"certification-info\"><p>Les ardoises artificielles ou en fibrociment se composent d\u2019un m\u00e9lange de ciment, de fibres d\u2019armement et de min\u00e9raux. Chaque ardoise artificielle pr\u00e9sente la m\u00eame teinte.<\/p>\n<\/div><\/div><\/div>[\/vc_column][vc_column width=\u00a0\u00bb1\/2&Prime;]<div class=\"roof-certifications  certification-69d1f5efd5026 certifications-style-three \"><div class=\"certification-item text-center\"><div class=\"roof-icon\"><img decoding=\"async\" src=\"https:\/\/www.home-isolation.be\/wp-content\/uploads\/2017\/01\/icon-three-1.png\" alt=\"\"><\/div><div class=\"certification-info\"><p>Ces shingles se pr\u00e9sentent sous forme de bandes d\u20191 m\u00e8tre. Elles peuvent avoir l\u2019aspect de l\u2019ardoise naturelle de par leurs d\u00e9coupages. Pour les fixer, on utilise des clous \u00e0 t\u00eate large.<\/p>\n<\/div><\/div><\/div>[\/vc_column][\/vc_row][vc_row][vc_column][vc_column_text]<\/p>\n<ul>\n<li>\n<h4>Les m\u00e9taux<\/h4>\n<\/li>\n<\/ul>\n<p>[\/vc_column_text][\/vc_column][\/vc_row][vc_row][vc_column width=\u00a0\u00bb1\/2&Prime;]<div class=\"roof-certifications  certification-69d1f5efd503a certifications-style-three \"><div class=\"certification-item text-center\"><div class=\"roof-icon\"><img decoding=\"async\" src=\"https:\/\/www.home-isolation.be\/wp-content\/uploads\/2017\/01\/icon-three-1.png\" alt=\"\"><\/div><div class=\"certification-info\"><p>Le zinc :\u00a0utilis\u00e9 comme habillage de toiture \u00e0 partir d\u2019une inclinaison de minimum 3\u00b0. Son plus grand avantage est sa dur\u00e9e de vie exceptionnellement long (125 ans).<\/p>\n<\/div><\/div><\/div><div class=\"roof-certifications  certification-69d1f5efd5051 certifications-style-three \"><div class=\"certification-item text-center\"><div class=\"roof-icon\"><img decoding=\"async\" src=\"https:\/\/www.home-isolation.be\/wp-content\/uploads\/2017\/01\/icon-three-1.png\" alt=\"\"><\/div><div class=\"certification-info\"><p>Le cuivre :\u00a0A cause de l\u2019oxydation, il pr\u00e9sente une couleur verte typique. Le cuivre est tr\u00e8s facile \u00e0 entretenir.<\/p>\n<\/div><\/div><\/div>[\/vc_column][vc_column width=\u00a0\u00bb1\/2&Prime;]<div class=\"roof-certifications  certification-69d1f5efd5066 certifications-style-three \"><div class=\"certification-item text-center\"><div class=\"roof-icon\"><img decoding=\"async\" src=\"https:\/\/www.home-isolation.be\/wp-content\/uploads\/2017\/01\/icon-three-1.png\" alt=\"\"><\/div><div class=\"certification-info\"><p>L&rsquo;aluminium :\u00a0Principalement utilis\u00e9 dans les constructions industrielles<\/p>\n<\/div><\/div><\/div>[\/vc_column][\/vc_row]<\/p>\n","protected":false},"excerpt":{"rendered":"[vc_row][vc_column css=\u00a0\u00bb.vc_custom_1497257260000{padding-top: 17px !important;padding-bottom: 34px !important;}\u00a0\u00bb][vc_custom_heading text=\u00a0\u00bb\u00a0\u00bb font_container=\u00a0\u00bbtag:h2|font_size:24px|text_align:left|color:%23232323&Prime; google_fonts=\u00a0\u00bbfont_family:Raleway%3A100%2C200%2C300%2Cregular%2C500%2C600%2C700%2C800%2C900|font_style:700%20bold%20regular%3A700%3Anormal\u00a0\u00bb][vc_column_text]La couverture doit r\u00e9unir plusieurs qualit\u00e9s pour prot\u00e8ger la maison et les autres \u00e9l\u00e9ments formant la toiture : Imp\u00e9rm\u00e9able; R\u00e9sistante au vent; Solide, elle doit pouvoir soutenir le poids d&rsquo;une personne, notamment pour l&rsquo;entretien et la r\u00e9paration; R\u00e9sistance aux chocs. La couverture participe \u00e0 l&rsquo;esth\u00e9tique de l&rsquo;ext\u00e9rieur[&#8230;]","protected":false},"author":2,"featured_media":0,"parent":351,"menu_order":0,"comment_status":"closed","ping_status":"closed","template":"","meta":{"footnotes":""},"class_list":["post-1334","page","type-page","status-publish","hentry"],"aioseo_notices":[],"_links":{"self":[{"href":"https:\/\/www.home-isolation.be\/index.php\/wp-json\/wp\/v2\/pages\/1334"}],"collection":[{"href":"https:\/\/www.home-isolation.be\/index.php\/wp-json\/wp\/v2\/pages"}],"about":[{"href":"https:\/\/www.home-isolation.be\/index.php\/wp-json\/wp\/v2\/types\/page"}],"author":[{"embeddable":true,"href":"https:\/\/www.home-isolation.be\/index.php\/wp-json\/wp\/v2\/users\/2"}],"replies":[{"embeddable":true,"href":"https:\/\/www.home-isolation.be\/index.php\/wp-json\/wp\/v2\/comments?post=1334"}],"version-history":[{"count":23,"href":"https:\/\/www.home-isolation.be\/index.php\/wp-json\/wp\/v2\/pages\/1334\/revisions"}],"predecessor-version":[{"id":2286,"href":"https:\/\/www.home-isolation.be\/index.php\/wp-json\/wp\/v2\/pages\/1334\/revisions\/2286"}],"up":[{"embeddable":true,"href":"https:\/\/www.home-isolation.be\/index.php\/wp-json\/wp\/v2\/pages\/351"}],"wp:attachment":[{"href":"https:\/\/www.home-isolation.be\/index.php\/wp-json\/wp\/v2\/media?parent=1334"}],"curies":[{"name":"wp","href":"https:\/\/api.w.org\/{rel}","templated":true}]}}